2.
82
What is the highest common factor of 42829 and 1?
1
What is the greatest common divisor of 200 and 10100?
100
What is the greatest common divisor of 480207 and 21?
21
What is the highest common divisor of 5600 and 350?
350
What is the greatest common divisor of 2168766 and 1278?
1278
What is the greatest common factor of 10873 and 23987?
83
What is the highest common divisor of 1215 and 44685?
135
What is the highest common factor of 94990 and 5310?
590
Calculate the greatest common divisor of 2583 and 2608543.
287
What is the greatest common divisor of 22468 and 4100?
164
Calculate the highest common factor of 16907 and 40832.
319
What is the highest common factor of 132 and 229272?
12
What is the highest common divisor of 847466 and 51780?
1726
What is the highest common divisor of 658490 and 230?
230
What is the greatest common divisor of 15 and 5450?
5
What is the highest common factor of 283050 and 459?
153
What is the greatest common divisor of 3473 and 1541?
23
Calculate the greatest common factor of 461679 and 138.
69
Calculate the greatest common factor of 109226 and 182.
26
What is the greatest common divisor of 167063 and 1633?
71
Calculate the highest common factor of 3523 and 273.
13
Calculate the greatest common divisor of 1264 and 5609.
79
What is the greatest common divisor of 130206 and 57?
3
What is the highest common factor of 1200 and 69200?
400
Calculate the highest common factor of 31506 and 2586.
6
What is the greatest common factor of 4 and 2417596?
4
What is the greatest common factor of 355 and 66172?
71
What is the greatest common factor of 128 and 529472?
64
Calculate the greatest common factor of 4272 and 6906.
6
Calculate the highest common factor of 50331 and 57.
57
Calculate the greatest common divisor of 399 and 547219.
19
What is the highest common factor of 7514 and 923?
13
Calculate the highest common factor of 77979 and 51.
51
What is the greatest common divisor of 111 and 139083?
111
What is the greatest common divisor of 3661 and 474361?
523
What is the highest common divisor of 1679 and 199363?
73
Calculate the highest common factor of 5192440 and 880.
440
Calculate the greatest common divisor of 426940 and 80.
20
Calculate the greatest common factor of 1368102 and 428.
214
What is the greatest common divisor of 3024 and 9984?
48
What is the greatest common factor of 92043 and 243?
27
What is the highest common factor of 4584 and 6303?
573
Calculate the highest common divisor of 14801 and 41.
41
What is the greatest common divisor of 966 and 1050?
42
Calculate the greatest common factor of 206 and 6901.
103
Calculate the greatest common divisor of 1675 and 24100.
25
What is the greatest common factor of 66 and 1063746?
6
Calculate the greatest common factor of 59632 and 16.
16
What is the greatest common divisor of 37128 and 90831?
663
Calculate the highest common factor of 170 and 146285.
85
What is the greatest common factor of 2662 and 103334?
242
Calculate the greatest common factor of 2575 and 300760.
515
What is the highest common factor of 1180 and 4510255?
295
What is the highest common divisor of 49416 and 15?
3
Calculate the highest common factor of 16762 and 9248.
578
Calculate the highest common divisor of 68686 and 8445.
563
What is the greatest common factor of 5941 and 5027?
457
Calculate the highest common factor of 13 and 2586259.
13
What is the greatest common divisor of 992 and 87104?
32
Calculate the highest common divisor of 10518 and 32.
2
What is the greatest common factor of 62280 and 1800?
360
What is the highest common divisor of 59950 and 10?
10
What is the greatest common divisor of 6061616 and 16?
16
Calculate the highest common divisor of 1841 and 189.
7
Calculate the greatest common divisor of 6670 and 12420.
230
What is the highest common factor of 166 and 2572502?
166
What is the greatest common divisor of 1546 and 116723?
773
Calculate the highest common factor of 14847 and 840.
21
What is the greatest common factor of 256472 and 8?
8
Calculate the highest common divisor of 78 and 570453.
39
What is the greatest common divisor of 42482 and 704?
22
Calculate the greatest common factor of 1416 and 120.
24
Calculate the greatest common factor of 35 and 372400.
35
What is the greatest common factor of 579 and 6?
3
Calculate the highest common factor of 2988938 and 749.
107
What is the greatest common factor of 408 and 2237268?
204
What is the greatest common factor of 99 and 66363?
33
What is the greatest common factor of 15 and 1217805?
15
Calculate the highest common factor of 284 and 62.
2
What is the greatest common factor of 24 and 183156?
12
Calculate the highest common divisor of 539 and 2050279.
77
Calculate the greatest common divisor of 34 and 168844.
34
Calculate the highest common divisor of 2640 and 215952.
528
What is the greatest common factor of 122 and 14884?
122
Calculate the highest common factor of 228 and 6631.
19
Calculate the greatest common factor of 38378 and 217.
31
What is the highest common divisor of 180 and 34785?
45
Calculate the greatest common divisor of 397 and 3738946.
397
Calculate the highest common factor of 28519 and 76.
19
Calculate the greatest common divisor of 135148 and 9568.
1196
Calculate the greatest common divisor of 11313 and 30.
3
Calculate the highest common factor of 8613 and 8844.
33
What is the greatest common divisor of 1067101 and 7?
7
What is the greatest common factor of 1 and 91541?
1
What is the highest common divisor of 5237 and 1?
1
Calculate the greatest common factor of 79 and 686668.
79
Calculate the highest common divisor of 51849 and 1512.
63
Calculate the highest common divisor of 13431 and 201828.
363
Calculate the greatest common factor of 7 and 388423.
7
Calculate the greatest common factor of 18120 and 375.
15
Calculate the highest common factor of 8940 and 281908.
596
What is the greatest common factor of 77 and 263627?
7
Calculate the greatest common divisor of 2826 and 2358.
18
What is the highest common divisor of 188461 and 28?
7
Calculate the greatest common factor of 906912 and 648.
72
Calculate the highest common divisor of 8022 and 10668.
42
What is the highest common factor of 1365 and 595?
35
Calculate the highest common factor of 4770 and 5035.
265
What is the greatest common divisor of 20 and 103330?
10
Calculate the greatest common divisor of 46080 and 84.
12
Calculate the highest common factor of 788 and 735598.
394
What is the greatest common divisor of 28 and 28?
28
Calculate the highest common factor of 4239 and 2983.
157
Calculate the highest common factor of 9706 and 1656.
46
What is the greatest common divisor of 95730 and 390?
30
What is the highest common divisor of 108 and 1724?
4
Calculate the highest common factor of 171290 and 42.
14
Calculate the highest common divisor of 6394 and 8142.
46
What is the greatest common divisor of 281495 and 5?
5
What is the greatest common factor of 2 and 2757122?
2
What is the greatest common factor of 2711320 and 100?
20
Calculate the greatest common factor of 4148 and 56236.
68
What is the highest common factor of 8341 and 342?
19
Calculate the greatest common factor of 5598 and 4086.
18
Calculate the greatest common divisor of 2241 and 149400.
747
Calculate the highest common factor of 24 and 4743432.
24
What is the greatest common divisor of 374766 and 98?
14
What is the highest common divisor of 38 and 104462?
38
Calculate the highest common divisor of 91 and 896441.
91
Calculate the highest common factor of 69 and 146717.
23
Calculate the highest common divisor of 303 and 8.
1
What is the greatest common factor of 396 and 31988?
44
Calculate the greatest common divisor of 1488 and 2544.
48
Calculate the highest common divisor of 92 and 640826.
46
Calculate the highest common divisor of 12 and 799914.
6
What is the greatest common divisor of 21814 and 2964?
26
Calculate the greatest common divisor of 48900 and 5700.
300
Calculate the highest common factor of 25 and 31.
1
Calculate the highest common factor of 36255 and 615.
15
What is the greatest common factor of 5025 and 255?
15
Calculate the greatest common factor of 651 and 49224.
21
Calculate the greatest common factor of 78 and 1463748.
78
Calculate the greatest common fac